{"id":408,"date":"2022-12-13T23:53:14","date_gmt":"2022-12-13T23:53:14","guid":{"rendered":"https:\/\/christais.rayzer.com.br\/?post_type=product&#038;p=408"},"modified":"2023-12-16T19:16:34","modified_gmt":"2023-12-16T19:16:34","slug":"p2","status":"publish","type":"product","link":"https:\/\/christais.rayzer.com.br\/index.php\/product\/p2\/","title":{"rendered":"Pont\u00f5es &#8211; 18\u00ba andar"},"content":{"rendered":"","protected":false},"excerpt":{"rendered":"<p>Dados do apartamento:<\/p>\n<p>\u00c1rea: 58 m\u00b2<\/p>\n<p>Quartos: 2<\/p>\n<p>Banheiros: 1<\/p>\n<p>Vagas na garagem: 1<\/p>\n<p>Endere\u00e7o: Av. Adolpho de Vasconcellos, 444, apto. 1804 \/ CEP: 22793-380<\/p>\n<p>Condom\u00ednio: R$ 1000<\/p>\n<p>IPTU 2023: R$ 1.374<\/p>\n<p>&nbsp;<\/p>\n<p>Dados do condom\u00ednio Pont\u00f5es &#8211; Edif\u00edcio Pedra da G\u00e1vea:<\/p>\n<ul>\n<li>Balsa que leva \u00e0 Praia da Reserva pela Lagoa de Marapendi<\/li>\n<li>Churrasqueira<\/li>\n<li>Academia<\/li>\n<li>Quadra Esportiva<\/li>\n<li>Sal\u00e3o de Festas<\/li>\n<li>Piscina<\/li>\n<li>Portaria 24h<\/li>\n<\/ul>\n<p>Proximidades:<\/p>\n<ul>\n<li>Mercadinho local<\/li>\n<li>Banca de jornal<\/li>\n<li>Restaurantes e bares<\/li>\n<li>Cl\u00ednicas<\/li>\n<li>Loja de materiais de constru\u00e7\u00e3o<\/li>\n<li>Pet shop<\/li>\n<li>Bosque<\/li>\n<li>Posto Shell<\/li>\n<li>Escolas<\/li>\n<li>Igrejas<\/li>\n<li>Praia da Reserva<\/li>\n<\/ul>\n","protected":false},"featured_media":720,"template":"","meta":{"site-sidebar-layout":"default","site-content-layout":"default","ast-global-header-display":"","ast-main-header-display":"","ast-hfb-above-header-display":"","ast-hfb-below-header-display":"","ast-hfb-mobile-header-display":"","site-post-title":"","ast-breadcrumbs-content":"","ast-featured-img":"","footer-sml-layout":"","theme-transparent-header-meta":"default","adv-header-id-meta":"","stick-header-meta":"","header-above-stick-meta":"","header-main-stick-meta":"","header-below-stick-meta":""},"product_cat":[19],"product_tag":[],"_links":{"self":[{"href":"https:\/\/christais.rayzer.com.br\/index.php\/wp-json\/wp\/v2\/product\/408"}],"collection":[{"href":"https:\/\/christais.rayzer.com.br\/index.php\/wp-json\/wp\/v2\/product"}],"about":[{"href":"https:\/\/christais.rayzer.com.br\/index.php\/wp-json\/wp\/v2\/types\/product"}],"wp:featuredmedia":[{"embeddable":true,"href":"https:\/\/christais.rayzer.com.br\/index.php\/wp-json\/wp\/v2\/media\/720"}],"wp:attachment":[{"href":"https:\/\/christais.rayzer.com.br\/index.php\/wp-json\/wp\/v2\/media?parent=408"}],"wp:term":[{"taxonomy":"product_cat","embeddable":true,"href":"https:\/\/christais.rayzer.com.br\/index.php\/wp-json\/wp\/v2\/product_cat?post=408"},{"taxonomy":"product_tag","embeddable":true,"href":"https:\/\/christais.rayzer.com.br\/index.php\/wp-json\/wp\/v2\/product_tag?post=408"}],"curies":[{"name":"wp","href":"https:\/\/api.w.org\/{rel}","templated":true}]}}